{"id":344,"date":"2021-08-27T11:48:12","date_gmt":"2021-08-27T11:48:12","guid":{"rendered":"http:\/\/dummy.xtemos.com\/woodmart2\/elementor\/?post_type=product&#038;p=344"},"modified":"2023-08-28T17:24:36","modified_gmt":"2023-08-28T17:24:36","slug":"lijador-de-cristal","status":"publish","type":"product","link":"https:\/\/store2.prototipo.digital\/index.php\/producto\/lijador-de-cristal\/","title":{"rendered":"Lijador de cristal"},"content":{"rendered":"\t\t<div data-elementor-type=\"wp-post\" data-elementor-id=\"344\" class=\"elementor elementor-344\" data-elementor-post-type=\"product\">\n\t\t\t\t\t\t\t\t\t<section class=\"wd-negative-gap elementor-section elementor-top-section elementor-element elementor-element-f335c48 elementor-section-boxed elementor-section-height-default elementor-section-height-default wd-section-disabled\" data-id=\"f335c48\" data-element_type=\"section\">\n\t\t\t\t\t\t<div class=\"elementor-container elementor-column-gap-default\">\n\t\t\t\t\t<div class=\"elementor-column elementor-col-100 elementor-top-column elementor-element elementor-element-b982906\" data-id=\"b982906\" data-element_type=\"column\">\n\t\t\t<div class=\"elementor-widget-wrap elementor-element-populated\">\n\t\t\t\t\t\t\t\t<div class=\"elementor-element elementor-element-c647244 elementor-widget elementor-widget-wd_text_block\" data-id=\"c647244\" data-element_type=\"widget\" data-widget_type=\"wd_text_block.default\">\n\t\t\t\t<div class=\"elementor-widget-container\">\n\t\t\t\t\t<div class=\"wd-text-block reset-last-child text-left\">\n\t\t\t\n\t\t\t<p>Un \"lijador de cristal\" es una herramienta especializada utilizada para pulir y alisar superficies de vidrio. El vidrio es un material fr\u00e1gil que puede tener bordes \u00e1speros, ara\u00f1azos o marcas de fabricaci\u00f3n que necesiten ser eliminados para obtener una apariencia suave y clara. Los lijadores de cristal est\u00e1n dise\u00f1ados para realizar este trabajo con precisi\u00f3n y cuidado, mejorando la apariencia y la textura del vidrio.<\/p><p>Algunas caracter\u00edsticas y usos de un lijador de cristal incluyen:<\/p><ol><li><p><strong>Eliminaci\u00f3n de Imperfecciones<\/strong>: Los lijadores de cristal est\u00e1n equipados con almohadillas abrasivas o discos de lijado que ayudan a eliminar ara\u00f1azos, bordes afilados y otras imperfecciones en la superficie del vidrio.<\/p><\/li><li><p><strong>Pulido y Alisado<\/strong>: Estas herramientas tambi\u00e9n pueden realizar tareas de pulido y alisado para lograr una superficie de vidrio m\u00e1s suave y brillante. Esto es especialmente \u00fatil en la fabricaci\u00f3n de piezas de vidrio decorativas y en aplicaciones art\u00edsticas.<\/p><\/li><li><p><strong>Reparaci\u00f3n de Vidrio Rayado<\/strong>: En algunos casos, los lijadores de cristal pueden utilizarse para reparar vidrios rayados, devolvi\u00e9ndoles su claridad y aspecto original.<\/p><\/li><li><p><strong>Trabajo en Diferentes Formas de Vidrio<\/strong>: Los lijadores de cristal pueden ser utilizados en una variedad de formas de vidrio, como ventanas, espejos, objetos decorativos y elementos de mobiliario.<\/p><\/li><\/ol>\n\t\t\t\t\t<\/div>\n\t\t\t\t<\/div>\n\t\t\t\t<\/div>\n\t\t\t\t\t<\/div>\n\t\t<\/div>\n\t\t\t\t\t\t\t<\/div>\n\t\t<\/section>\n\t\t\t\t\t\t\t<\/div>\n\t\t","protected":false},"excerpt":{"rendered":"<p>Lijadoras para cristal de rendimiento avanzado.<\/p>\n","protected":false},"featured_media":7168,"template":"","meta":[],"product_cat":[20],"product_tag":[],"class_list":["post-344","product","type-product","status-publish","has-post-thumbnail","hentry","product_cat-accesorios"],"_links":{"self":[{"href":"https:\/\/store2.prototipo.digital\/index.php\/wp-json\/wp\/v2\/product\/344","targetHints":{"allow":["GET"]}}],"collection":[{"href":"https:\/\/store2.prototipo.digital\/index.php\/wp-json\/wp\/v2\/product"}],"about":[{"href":"https:\/\/store2.prototipo.digital\/index.php\/wp-json\/wp\/v2\/types\/product"}],"version-history":[{"count":11,"href":"https:\/\/store2.prototipo.digital\/index.php\/wp-json\/wp\/v2\/product\/344\/revisions"}],"predecessor-version":[{"id":16034,"href":"https:\/\/store2.prototipo.digital\/index.php\/wp-json\/wp\/v2\/product\/344\/revisions\/16034"}],"wp:featuredmedia":[{"embeddable":true,"href":"https:\/\/store2.prototipo.digital\/index.php\/wp-json\/wp\/v2\/media\/7168"}],"wp:attachment":[{"href":"https:\/\/store2.prototipo.digital\/index.php\/wp-json\/wp\/v2\/media?parent=344"}],"wp:term":[{"taxonomy":"product_cat","embeddable":true,"href":"https:\/\/store2.prototipo.digital\/index.php\/wp-json\/wp\/v2\/product_cat?post=344"},{"taxonomy":"product_tag","embeddable":true,"href":"https:\/\/store2.prototipo.digital\/index.php\/wp-json\/wp\/v2\/product_tag?post=344"}],"curies":[{"name":"wp","href":"https:\/\/api.w.org\/{rel}","templated":true}]}}